{"id":11,"date":"2016-01-30T18:21:46","date_gmt":"2016-01-30T18:21:46","guid":{"rendered":"http:\/\/piek-und-fein.de\/?page_id=11"},"modified":"2022-02-02T19:09:46","modified_gmt":"2022-02-02T18:09:46","slug":"blog","status":"publish","type":"page","link":"http:\/\/piek-und-fein.de\/?page_id=11","title":{"rendered":"About"},"content":{"rendered":"<p><a href=\"http:\/\/piek-und-fein.de\/wp-content\/uploads\/2016\/01\/piek-fein-Blogfoto.jpg\"><img loading=\"lazy\" decoding=\"async\" class=\"aligncenter wp-image-888 size-large\" src=\"http:\/\/piek-und-fein.de\/wp-content\/uploads\/2016\/01\/piek-fein-Blogfoto-1024x682.jpg\" alt=\"Portr\u00e4tfoto\" width=\"891\" height=\"593\" srcset=\"http:\/\/piek-und-fein.de\/wp-content\/uploads\/2016\/01\/piek-fein-Blogfoto-1024x682.jpg 1024w, http:\/\/piek-und-fein.de\/wp-content\/uploads\/2016\/01\/piek-fein-Blogfoto-300x200.jpg 300w, http:\/\/piek-und-fein.de\/wp-content\/uploads\/2016\/01\/piek-fein-Blogfoto-768x512.jpg 768w, http:\/\/piek-und-fein.de\/wp-content\/uploads\/2016\/01\/piek-fein-Blogfoto.jpg 1300w\" sizes=\"auto, (max-width: 891px) 100vw, 891px\" \/><\/a><\/p>\n<h2><strong>Hallo!<\/strong><\/h2>\n<p><strong> Ich freue mich, dass Du auf meiner Seite st\u00f6berst &#8230;<\/strong><\/p>\n<p>Ich hei\u00dfe Julia und wohne in M\u00fcnster.\u00a0 Auf meinem Blog &#8222;piek &amp; fein&#8220; dreht sich alles um&#8217;s N\u00e4hen: sch\u00f6ne Stoffe, interessante Schnitte, tolle Stoffgesch\u00e4fte und Quellen der Inspiration.<\/p>\n<p>Meine Kleidung habe ich schon als Teenager selbst gen\u00e4ht und kaufe inzwischen kaum noch Fertiges zum Anziehen. Angefangen habe ich ohne irgendwelche N\u00e4hkenntnisse &#8211; einfach freestyle drauf los. Seit bald 20 Jahren besuche ich regelm\u00e4\u00dfig N\u00e4hkurse und habe dort viele N\u00e4htechniken gelernt. Ich mag es, in Gesellschaft zu n\u00e4hen und habe durch die Handarbeit einen tollen Ausgleich zu meinem Job als 2-fach Mama und zur eher kopflastigen Arbeit.<\/p>\n<p>Auf dem piek &amp; fein Blog m\u00f6chte ich mein Hobby und meine Leidenschaft f\u00fcr das N\u00e4hen mit Euch teilen. Dabei steht nicht ausschlie\u00dflich im Vordergrund, was gerade en vogue ist. Ich zeige Sachen, die ich sch\u00f6n und sehenswert finde, weil sie einfach &#8222;piekfein&#8220; sind. Damit Ihr die Modelle gut nachn\u00e4hen k\u00f6nnt, gebe ich meine Erfahrungen mit Schnittmustern und Stoffen weiter.<\/p>\n<p>Ich freue mich \u00fcber n\u00e4hbegeisterte FollowerInnen!<\/p>\n<p>Viele Gr\u00fc\u00dfe<\/p>\n<p>Julia<\/p>\n","protected":false},"excerpt":{"rendered":"<p>Hallo! Ich freue mich, dass Du auf meiner Seite st\u00f6berst &#8230; Ich hei\u00dfe Julia und wohne in M\u00fcnster.\u00a0 Auf meinem Blog &#8222;piek &amp; fein&#8220; dreht&#8230;<\/p>\n<div class=\"more-link-wrapper\"><a class=\"more-link\" href=\"http:\/\/piek-und-fein.de\/?page_id=11\">Weiterlesen<span class=\"screen-reader-text\">About<\/span><\/a><\/div>\n","protected":false},"author":1,"featured_media":0,"parent":0,"menu_order":0,"comment_status":"closed","ping_status":"closed","template":"","meta":{"footnotes":""},"class_list":["post-11","page","type-page","status-publish","hentry","entry"],"_links":{"self":[{"href":"http:\/\/piek-und-fein.de\/index.php?rest_route=\/wp\/v2\/pages\/11","targetHints":{"allow":["GET"]}}],"collection":[{"href":"http:\/\/piek-und-fein.de\/index.php?rest_route=\/wp\/v2\/pages"}],"about":[{"href":"http:\/\/piek-und-fein.de\/index.php?rest_route=\/wp\/v2\/types\/page"}],"author":[{"embeddable":true,"href":"http:\/\/piek-und-fein.de\/index.php?rest_route=\/wp\/v2\/users\/1"}],"replies":[{"embeddable":true,"href":"http:\/\/piek-und-fein.de\/index.php?rest_route=%2Fwp%2Fv2%2Fcomments&post=11"}],"version-history":[{"count":7,"href":"http:\/\/piek-und-fein.de\/index.php?rest_route=\/wp\/v2\/pages\/11\/revisions"}],"predecessor-version":[{"id":2831,"href":"http:\/\/piek-und-fein.de\/index.php?rest_route=\/wp\/v2\/pages\/11\/revisions\/2831"}],"wp:attachment":[{"href":"http:\/\/piek-und-fein.de\/index.php?rest_route=%2Fwp%2Fv2%2Fmedia&parent=11"}],"curies":[{"name":"wp","href":"https:\/\/api.w.org\/{rel}","templated":true}]}}